2129. Determine l(452).
-19
Let h(j) = -62*j**3 - 14*j**2 - 6*j + 3. What is h(-3)?
1569
Let y(b) = -5*b**3 - 8*b**2 - 115*b + 667. Determine y(4).
-241
Let h(q) = -q**2 - 95245*q + 570. What is h(0)?
570
Let a(t) = -22*t**2 - 143*t - 131. What is a(-5)?
34
Let o(k) = -242541*k - 242547. What is o(-1)?
-6
Let k(b) = b**3 - 10*b**2 - 36*b + 676. Calculate k(8).
260
Let b(q) = 5888*q - 64771. Give b(11).
-3
Let h(v) = -2*v**3 - 57*v**2 - 2967*v - 86877. Determine h(-29).
7
Let s(v) = 142*v + 3255. Calculate s(-23).
-11
Let p(t) = -2007*t - 7085. Determine p(-4).
943
Let m(h) = -304*h**3 - 6*h**2 + 144*h - 137. Determine m(1).
-303
Let s(x) = 162*x**2 - 99458*x - 6141. Give s(614).
-1
Let g(k) = 5*k**3 - 11*k**2 + 31*k + 310. Give g(-6).
-1352
Let p(g) = g**2 + 6028*g + 755205. What is p(-128)?
5
Let j(l) = -l**3 + 61*l**2 + 2494*l - 16946. What is j(6)?
-2
Let u(n) = -n**3 - 12*n**2 + 7158*n + 85886. Determine u(-12).
-10
Let u(i) = -86*i**2 + 7390*i - 105162. Calculate u(18).
-6
Let k(s) = -6131*s - 148260. Determine k(-24).
-1116
Let c(r) = 167*r**2 + 543*r - 66. Give c(-5).
1394
Let x(d) = 2*d**2 - 242*d - 778. What is x(124)?
-34
Let u(j) = 4644*j - 260152. What is u(56)?
-88
Let y(u) = -1010*u**2 - 4917*u + 438. Give y(-5).
-227
Let n(p) = 53*p - 3577. Determine n(68).
27
Let r(n) = -25*n**3 - 253*n**2 - 638*n + 2. Give r(-5).
-8
Let f(q) = -q**3 - 565*q**2 + 1705*q + 3. Give f(3).
6
Let w(h) = -h**3 - 150*h**2 - 4751*h + 9697. Give w(-49).
-5
Let v(c) = 399*c - 57872. Determine v(145).
-17
Let c(y) = -7767*y - 8049. Determine c(-1).
-282
Let x(j) = 56*j**2 - 2404*j + 15539. Determine x(35).
-1
Let b(z) = -710*z - 6287. Determine b(-9).
103
Let o(k) = -528*k + 8250. What is o(13)?
1386
Let u(o) = 2*o**3 - 34*o**2 + 16*o + 3. Give u(18).
939
Let w(h) = 278*h**2 - 18894*h - 709. What is w(68)?
-29
Let y(t) = t**2 - 3236*t - 423531. Determine y(-126).
81
Let o(v) = 53*v + 97. Give o(3).
256
Let c(v) = 1808*v - 547. Calculate c(1).
1261
Let v(z) = 5681*z - 68350. What is v(12)?
-178
Let c(o) = 6*o**2 + 1134*o + 42743. Calculate c(-137).
-1
Let f(j) = 877*j + 16672. Determine f(-19).
9
Let i(m) = 16448*m - 32893. What is i(2)?
3
Let m(q) = q**3 - 34*q**2 + 899*q - 27160. Give m(32).
-440
Let q(c) = 216*c**2 - 19770*c - 9381. What is q(92)?
3
Let d(z) = -10*z**3 + 128*z**2 + 159*z + 126. Calculate d(14).
0
Let o(k) = 162*k - 4635. What is o(24)?
-747
Let o(s) = s**3 + 813*s**2 + 3067*s - 657. Give o(-4).
19
Let s(i) = -15523*i + 341550. Give s(22).
44
Let t(j) = -2*j**3 + 276*j**2 + 3285*j - 1025. Calculate t(149).
18
Let a(i) = -640*i - 4953. What is a(-8)?
167
Let x(f) = f**3 - 125*f**2 + 3*f - 794. Calculate x(125).
-419
Let k(r) = 2*r**2 + 781*r + 14382. Calculate k(-369).
-1485
Let r(j) = 2*j**2 + 88*j + 648. Give r(-21).
-318
Let l(d) = 3993*d - 4004. What is l(1)?
-11
Let i(f) = -107550*f - 537181. What is i(-5)?
569
Let u(n) = 4*n**2 + 23*n - 95. What is u(-10)?
75
Let i(q) = -q**2 + 955*q + 3159423. What is i(-1363)?
-11
Let s(n) = -73*n**3 - 2*n**2 + 15736*n + 15736. Give s(-1).
71
Let a(k) = -21811*k - 133012. Calculate a(-6).
-2146
Let r(p) = -74*p - 1516. What is r(-18)?
-184
Let b(v) = -v**3 - 23*v**2 - 137*v - 671. Give b(-16).
-271
Let l(j) = 52*j**2 + 19162*j + 9560. Calculate l(-368).
-8
Let i(x) = 2*x**3 - 24*x**2 + 15*x - 19. Determine i(-4).
-591
Let f(t) = 15336*t + 30679. Calculate f(-2).
7
Let v(t) = -3154*t - 378419. Give v(-120).
61
Let p(c) = -c**3 + 55*c**2 - 112*c + 607. Determine p(53).
289
Let t(d) = d**3 + 387*d**2 - 1997*d - 14495. Give t(-392).
9
Let t(q) = 2*q**2 + 1675*q + 59237. Calculate t(-37).
0
Let n(j) = 95*j**3 - 565*j**2 - 83. Give n(6).
97
Let l(o) = 3551*o**3 - 556*o**2 + 556*o - 2. Calculate l(1).
3549
Let u(p) = -p**3 - 138*p**2 + 3638*p - 10482. Calculate u(-161).
-17
Let p(c) = -96*c + 2899. What is p(52)?
-2093
Let m(z) = -5*z**2 - 2072*z - 171613. What is m(-300)?
-13
Let a(k) = -32465*k - 3181616. What is a(-98)?
-46
Let f(w) = w**3 - 17*w**2 + 121*w - 3551. What is f(20)?
69
Let v(r) = -2*r**3 - 424*r**2 - 3313*r - 702358. Calculate v(-212).
-2
Let m(a) = 1161375*a - 10452380. Determine m(9).
-5
Let o(h) = 189948*h + 2469321. What is o(-13)?
-3
Let y(w) = 4789*w + 636944. Calculate y(-133).
7
Let b(y) = 2859*y - 7377. Give b(2).
-1659
Let i(g) = 3*g**3 + 238*g**2 + 316*g + 272. What is i(-78)?
-40
Let b(j) = -j**3 + 13*j**2 - 145*j + 1013. Determine b(9).
32
Let t(s) = -s**2 + 3286*s - 128. What is t(0)?
-128
Let m(t) = -6*t**3 + 63*t**2 - 48*t - 284. Determine m(9).
13
Let k(h) = -18860*h - 56557. Calculate k(-3).
23
Let v(a) = -a**3 - 23*a**2 - 38*a + 236. What is v(-19)?
-486
Let s(n) = 14211*n - 4476470. Determine s(315).
-5
Let o(p) = 9*p**3 - 40*p**2 + 233*p + 450. What is o(9)?
5868
Let l(j) = 2639*j + 1525340. Determine l(-578).
-2
Let r(p) = p**3 + 1669*p**2 + 2516*p + 1414460. What is r(-1668)?
-4
Let s(l) = -l**3 - 14*l**2 - 223*l - 992. Calculate s(-7).
226
Let h(c) = -693*c**2 - 18016*c + 58. Determine h(-26).
6
Let w(p) = 91369*p + 1644636. Give w(-18).
-6
Let m(c) = 3*c**3 - 70*c**2 - 1333*c - 4837. Calculate m(-6).
-7
Let d(o) = 5*o**3 - 2053*o**2 - 2946*o + 25535. What is d(412)?
-9
Let r(t) = -12716*t + 4476031. Determine r(352).
-1
Let t(o) = o**3 - 16*o**2 - 55*o + 231. Give t(8).
-721
Let p(r) = 17*r**2 + 5242*r + 197741. Determine p(-44).
5
Let d(i) = -2*i**3 - 152*i**2 - 40*i - 3109. Determine d(-76).
-69
Let w(a) = -70*a**2 - 1534*a - 54. What is w(-21)?
1290
Let q(g) = -3*g**3 + 218*g**2 - 266*g + 8783. Give q(72).
-1
Let s(t) = 954*t - 374691. Calculate s(392).
-723
Let l(x) = 1120856*x + 5604284. Give l(-5).
4
Let d(l) = 2*l**2 - 487*l + 20085. What is d(191)?
30
Let w(u) = -u**2 + 648*u - 32623. What is w(55)?
-8
Let g(u) = 241*u + 2476. Determine g(-11).
-175
Let k(r) = -2*r**3 + 604*r**2 + 4960*r - 57. Determine k(310).
-57
Let f(h) = 27*h**2 + 24358*h - 24356. Determine f(1).
29
Let f(z) = 86*z**2 + 173*z - 363. Determine f(2).
327
Let c(x) = 78953*x + 11053416. Calculate c(-140).
-4
Let j(o) = -2*o**3 - 5*o**2 - 60347*o - 181056. Determine j(-3).
-6
Let m(v) = -v**3 + 96*v**2 + 4405*v - 491. Calculate m(-34).
19
Let p(r) = -4751*r + 38005. Determine p(8).
-3
Let g(q) = 470*q + 5456. What is g(-10)?
756
Let y(w) = 5505*w - 87. Determine y(0).
-87
Let l(p) = 10*p**3 + 130*p**2 + 211*p - 115. Give l(-11).
-16
Let d(c) = -6442*c - 9250709. Determine d(-1436).
3
Let u(a) = -6*a**2 - 1854*a - 39481. What is u(-286)?
-13
Let v(t) = -258*t**2 - 4652*t - 203. Determine v(-18).
-59
Let h(p) = 322*p - 5380. What is h(16)?
-228
Let k(s) = 7379*s - 56945. Determine k(8).
2087
Let l(u) = 2*u**3 - 37*u**2 - 762*u + 14074. Give l(20).
34
Let x(d) = d**3 + 58*d**2 - 120*d + 12213. Determine x(-63).
-72
Let h(l) = -521*l**2 - 14503*l + 2383. Calculate h(-28).
3
Let i(o) = -o**3 - 4*o**2 - 219*o + 1195. Determine i(5).
-125
Let c(f) = -9770*f - 68393. Calculate c(-7).
-3
Let s(r) = -10819*r - 378583. Calculate s(-35).
82
Let v(j) = j**2 + 65*j + 318. Give v(-6).
-36
Let b(v) = 10607*v**2 + 233359*v + 121. Calculate b(-22).
11
Let t(y) = -11*y**3 - 665*y**2 - 300*y - 51. Give t(-60).
-51
Let a(h) = 173*h**2 - 75*h + 89. Determine a(1).
187
Let v(k) = -k**3 + 103*k**2 + 6847*k + 1005. Determine v(149).
-38
Let a(z) = -2578*z + 453991. Give a(176).
263
Let j(h) = 8892*h + 53632. Give j(-6).
280
Let s(i) = -240*i - 33715. What is s(-142)?
365
Let j(w) = 4*w**3 + 3*w**2 - 179*w + 314. Determine j(5).
-6
Let g(b) = b**3 + 33*b**2 + 83*b - 947. Give g(-29).
10
Let s(y) = -62012*y + 1488287. Give s(24).
-1
Let m(f) = 2*f**2 - 81*f + 713. Determine m(10).
103
Let j(t) = -21*t**2 - 3080*t + 47259. Determine j(14).
23
Let j(n) = -4*n**2 + 1990*n + 7911. Determine j(-4).
-113
Let p(o) = -1348*o + 2004. What is p(4)?
-3388
Let f(l) = -38*l**3 + 3*l**2 + 105*l - 213. What is f(2)?
-295
Let l(f) = 435*f + 15921. Calculate l(-37).
-174
Let c(t) = 244*t - 22395. Calculate c(85).
-1655
Let s(r) = -766*r + 14333. Give s(18).
545
Let u(m) = -5*m**3 - 180*m**2 - 16*m - 567. Determine u(-36).
9
Let i(r) = -r**3 + 52*r**2 + 3949*r - 102. What is i(94)?
-8
Let u(i) = -4*i**3 - 18*i**2 + 25*i + 314. Give u(-7).
629
Let b(d) = d**3 - 60*d**2 + 240*d + 1986. What is b(55)?
61
Let w(y) = -y**3 + 139*y**